-289
Let w(z) = -3*z**3 - 31*z**2 - 69*z - 811. Calculate w(-10).
-221
Let l(n) = -52*n + 3042. Give l(60).
-78
Let i(j) = -j**3 - 519*j**2 - 55348*j + 1842. Give i(-369).
1104
Let l(r) = 9*r**3 - 2*r**2 - 107430*r + 107431. Calculate l(1).
8
Let j(g) = -2*g**3 - 125*g**2 - 138*g - 108. Determine j(-61).
-2853
Let w(y) = -525*y**2 - 11021*y - 47. Give w(-21).
-131
Let g(j) = 3*j**2 - 9650*j + 77234. What is g(8)?
226
Let t(a) = -187*a + 19611. Determine t(104).
163
Let i(u) = -2*u**3 - 1006*u**2 + 15536*u - 2072. Calculate i(-518).
0
Let l(p) = -9459*p + 37783. Calculate l(4).
-53
Let q(m) = -m**3 + 47*m**2 + 213*m - 610. What is q(51)?
-151
Let l(j) = -909461*j + 909470. What is l(1)?
9
Let h(b) = 21503*b - 193483. Give h(9).
44
Let w(h) = 134*h**3 - 10*h**2 + 11*h - 16. Determine w(1).
119
Let t(y) = y**2 + 214*y - 7281. Calculate t(30).
39
Let o(d) = -181893*d + 13460075. Determine o(74).
-7
Let u(t) = -9*t**2 - 1052*t - 3960. Calculate u(-113).
-5
Let p(w) = 3*w**3 + 289*w**2 + 94*w - 1016. Give p(-96).
-824
Let h(x) = -5*x**2 + 926*x - 28053. Calculate h(147).
24
Let s(w) = 284*w**2 + 133*w + 408. Give s(-3).
2565
Let d(m) = -2280*m - 11196. Give d(-5).
204
Let x(i) = 10*i**2 - 166*i + 79. What is x(18)?
331
Let c(t) = 597*t**3 + 60285*t**2 - 1212*t + 10. Give c(-101).
10
Let h(p) = 346*p**3 + 10726*p**2 + 4*p + 129. Calculate h(-31).
5
Let h(b) = -b**2 - 397*b - 29687. What is h(-297)?
13
Let p(d) = d**3 + 73*d**2 + 189*d - 423. What is p(-70)?
1047
Let r(i) = 269*i - 61865. What is r(230)?
5
Let t(l) = -3*l**3 - 392*l**2 - 508*l - 83712. What is t(-131)?
-3
Let o(r) = -14725*r + 11838899. Calculate o(804).
-1
Let n(m) = m**3 - 33*m**2 - 25*m + 4758. Give n(28).
138
Let a(h) = 884*h + 19454. What is a(-22)?
6
Let z(m) = 2*m**3 - 182*m**2 - 111*m + 10073. Determine z(91).
-28
Let t(o) = -o**2 + 93*o + 24892. Calculate t(211).
-6
Let w(i) = -911*i + 259597. What is w(285)?
-38
Let w(y) = 51*y**2 + 3524*y + 331. Calculate w(-69).
-14
Let i(k) = -6*k**3 - 51*k**2 + 99*k + 74. What is i(-10)?
-16
Let r(f) = 2*f**3 - 598*f**2 - 7460*f - 1035. Determine r(311).
209
Let t(j) = -7*j**2 + 71*j - 462. Determine t(9).
-390
Let o(t) = 53*t**2 - 928*t + 42. Calculate o(17).
-417
Let s(v) = -7*v**3 + 500*v**2 - 240*v + 1990. Determine s(71).
73
Let i(s) = -5124*s - 45990. Determine i(-9).
126
Let x(p) = -22*p**3 - 637*p**2 - 41*p - 2029. What is x(-29)?
1
Let r(b) = 169050*b - 8452502. Calculate r(50).
-2
Let n(r) = -2*r**3 - 3*r**2 - 52507*r - 210074. What is n(-4)?
34
Let o(i) = -2035*i - 691. What is o(0)?
-691
Let y(a) = -175*a + 7396. What is y(42)?
46
Let v(u) = -2*u**3 + 61*u**2 - 106*u - 494. What is v(28)?
458
Let l(p) = -18*p**2 + 183*p - 474. Calculate l(6).
-24
Let d(t) = 78*t**2 + 242*t + 491. Calculate d(-2).
319
Let y(x) = -595*x + 2185. Give y(4).
-195
Let r(v) = 5886*v - 17676. Determine r(3).
-18
Let z(k) = -167*k - 31048. Determine z(-185).
-153
Let n(c) = -c**3 + 242*c**2 - 220*c - 5081. Determine n(241).
-20
Let u(v) = 1922*v**2 - 23038*v - 309. What is u(12)?
3
Let w(p) = -21597*p**2 + 194292*p - 9. What is w(9)?
-738
Let m(j) = 4043*j - 57590. What is m(15)?
3055
Let h(t) = -2*t**2 - 6*t + 1169. Determine h(-22).
333
Let y(i) = 485*i + 94109. Give y(-194).
19
Let h(x) = -2*x**2 + 370*x + 74054. Determine h(306).
2
Let a(p) = 8*p**2 + 211*p - 1759. Determine a(-30).
-889
Let o(y) = -519*y + 73191. Determine o(141).
12
Let x(o) = -3*o**2 - 118*o - 388. Determine x(-35).
67
Let b(r) = -r**3 - 82*r**2 - 162*r - 233. Determine b(-80).
-73
Let y(z) = 3*z**2 - 58534*z - 5174225. Give y(-88).
-1
Let z(r) = r**3 + 39*r**2 + 234*r + 51. Determine z(-7).
-19
Let l(p) = -p**2 + 321*p + 12049. Calculate l(355).
-21
Let w(h) = -12*h**2 - 263*h - 1603. What is w(-14)?
-273
Let i(s) = -12*s**2 - 131*s - 281. Calculate i(-4).
51
Let k(b) = 146*b - 479. Give k(8).
689
Let i(o) = 721*o + 101037. Give i(-140).
97
Let z(y) = -2*y**3 + 50*y**2 + 60*y - 275. Determine z(26).
-67
Let w(r) = 2*r**3 - 280*r**2 + 283*r - 71. Give w(139).
624
Let q(g) = 17*g**2 + 3376*g + 111807. Calculate q(-42).
3
Let h(l) = -31*l**2 + 3835*l + 7786. Determine h(-2).
-8
Let i(l) = 23*l**3 - 211*l**2 - 2*l + 36. Calculate i(9).
-306
Let i(a) = a**2 + 1796*a - 50. Give i(0).
-50
Let p(g) = 2*g**2 + 1556*g + 24372. Calculate p(-16).
-12
Let y(n) = 5*n**2 - 8331*n - 25006. Determine y(-3).
32
Let j(l) = 2*l**2 - 401*l - 170560. Calculate j(409).
-7
Let u(j) = -252*j - 38922. What is u(-154)?
-114
Let m(l) = 6982*l - 370073. What is m(53)?
-27
Let v(k) = -4277*k - 5765389. What is v(-1348)?
7
Let u(s) = 32619*s + 326163. What is u(-10)?
-27
Let c(i) = -2*i**2 + 335*i + 13225. What is c(200)?
225
Let y(g) = g**2 + 3117*g + 18715. Calculate y(-6).
49
Let h(z) = 3*z**3 - 53*z**2 - 18168*z + 326706. Determine h(18).
6
Let o(y) = 607*y**2 + 7967*y + 976. Give o(-13).
-12
Let o(g) = -11*g**2 - 369*g + 1628. Determine o(4).
-24
Let s(g) = 91*g**2 + 869*g + 872. Determine s(-1).
94
Let o(d) = 4*d**2 - 310*d - 26. Determine o(0).
-26
Let d(h) = -5*h**2 + 116*h - 28. What is d(23)?
-5
Let w(b) = -3*b**2 + 683*b - 34552. Calculate w(152).
-48
Let l(v) = -18361*v + 1432153. What is l(78)?
-5
Let d(c) = 120*c**3 - 10*c**2 + 79*c + 364. Determine d(-4).
-7792
Let x(t) = -136*t - 1083. Determine x(-22).
1909
Let p(h) = -4*h**3 + 329*h**2 - 83*h - 734. Calculate p(82).
-816
Let i(y) = -12275*y + 233247. Calculate i(19).
22
Let u(q) = -5559*q - 516967. Determine u(-93).
20
Let d(m) = -m**2 + 26150*m - 1695521. What is d(65)?
4
Let g(r) = 2*r**3 + 213*r**2 + 109*r + 125. What is g(-106)?
-193
Let f(n) = n**3 - 133*n**2 - 1531*n + 186208. Determine f(134).
-990
Let t(z) = 4*z**3 + 35*z**2 - 30*z - 78. What is t(-12)?
-1590
Let j(h) = 4*h**3 + 9*h**2 + 51*h - 151. Calculate j(5).
829
Let m(q) = q**3 - 226*q**2 - 2851*q - 1051. Calculate m(238).
139
Let u(p) = -p**2 - 5184*p + 214174. Determine u(41).
-51
Let c(x) = -487*x - 24710. Give c(-51).
127
Let h(m) = 31*m**2 + 2096*m - 25115. Determine h(-78).
1
Let v(f) = -4405*f - 1149705. Determine v(-261).
0
Let x(f) = -f**2 + 10023*f - 3747610. Determine x(389).
16
Let j(t) = 38*t - 552. Determine j(8).
-248
Let l(y) = y**3 - 42*y**2 + 34*y + 1778. Give l(40).
-62
Let w(q) = -4*q**3 + 29*q**2 - 50*q - 22. Determine w(6).
-142
Let h(l) = -2*l**3 + 608*l**2 + 20*l - 6078. Determine h(304).
2
Let y(g) = 23*g**3 + 105*g**2 - 351*g - 1497. Determine y(-5).
8
Let n(v) = 4*v**2 - 451*v - 7031. Determine n(-14).
67
Let a(k) = 8605*k + 223743. What is a(-26)?
13
Let p(g) = g**3 - 2*g**2 + 392*g + 13. Calculate p(0).
13
Let w(c) = -2*c**3 + 13*c**2 - 2898*c + 29162. Calculate w(10).
-518
Let v(m) = -2*m**2 + 672*m - 19442. Calculate v(32).
14
Let j(t) = -462*t + 15263. Calculate j(33).
17
Let n(j) = 2836*j - 27033. Determine n(10).
1327
Let o(n) = n**3 - 9*n**2 - 476*n - 51. Give o(-18).
-231
Let s(v) = -v**2 - 453*v - 583. Calculate s(-452).
-131
Let t(z) = 388*z - 18475. What is t(47)?
-239
Let x(o) = o**2 + 1546*o - 1581054. Give x(-2249).
-7
Let m(g) = -48*g**3 - 128*g - 367. What is m(-3)?
1313
Let t(k) = -k**3 - 84*k**2 - 1103*k - 111. Calculate t(-68).
909
Let s(b) = 2679*b + 1385051. Give s(-517).
8
Let k(r) = -710*r + 1030. Give k(2).
-390
Let g(a) = -3791*a - 109947. Calculate g(-29).
-8
Let h(z) = 5541*z + 110825. What is h(-20)?
5
Let h(r) = 2*r**3 - 3*r**2 + 42*r - 44. Calculate h(0).
-44
Let n(l) = 9055*l + 398304. Give n(-44).
-116
Let n(o) = -o**3 - 187*o**2 - 361*o + 1758. Give n(-185).
93
Let n(s) = -45*s**3 - 10*s**2 + 78*s - 25. Give n(4).
-2753
Let h(r) = -1880*r + 31477. Determine h(20).
-6123
Let r(v) = -1949*v + 1003567. Give r(515).
-168
Let a(q) = 6243*q + 468211. Calculate a(-75).
-14
Let l(v) = 6584*v - 45925. Calculate l(7).
163
Let d(s) = -17274*s + 3869407. Calculate d(224).
31
Let i(h) = 2*h**2 + 171*h - 3647. Calculate i(-103).
-42
Let k(d) = -d**3 + 65*d**2 - 68*d - 472. Determine k(64).
-728
Let n(r) = 2*r**3 + 314*r**2 - 2970*r + 3040. Give n(-166).
52
Let r(c) = -46039*c + 230191. Calculate r(5).
-4
Let z(b) = -17*b**2 + 944*b - 109. Calculate z(55).
386
Let l(z) = 2*z**3 + 20*z**2 - 345*z - 40. Determine l(9).
-67
Let r(p) = -299*p - 7617. What is r(-21)?
-1338
Let r(z) = 2573037*z - 3. Give r(0).
-3
Let w(k) = -3*k**